{"id":2780,"date":"2022-09-29T10:50:01","date_gmt":"2022-09-29T14:50:01","guid":{"rendered":"https:\/\/julieberube.ca\/?post_type=page_publications&#038;p=2780"},"modified":"2024-12-17T15:44:41","modified_gmt":"2024-12-17T20:44:41","slug":"84e-congres-de-lassociation-francophone-pour-le-savoir-tension-entre-creation-et-commerce-dans-les-organisations-creatives-quatre-configurations-pour-gerer-le-travail-creatif-p","status":"publish","type":"page_publications","link":"https:\/\/julieberube.ca\/fr\/publications\/84e-congres-de-lassociation-francophone-pour-le-savoir-tension-entre-creation-et-commerce-dans-les-organisations-creatives-quatre-configurations-pour-gerer-le-travail-creatif-p\/","title":{"rendered":"84e Congr\u00e8s de l\u2019Association francophone pour le savoir \u00abTension entre cr\u00e9ation et commerce dans les organisations cr\u00e9atives : quatre configurations pour g\u00e9rer le travail cr\u00e9atif\u00bb, pr\u00e9sent\u00e9 dans le cadre du colloque \u00abLes nouveaux horizons du management : explorations \u00e0 partir des industries cr\u00e9atives et culturelles\u00bb"},"template":"","categories_de_publications":[17],"class_list":["post-2780","page_publications","type-page_publications","status-publish","hentry","categories_de_publications-communications-arbitrees"],"acf":[],"_links":{"self":[{"href":"https:\/\/julieberube.ca\/fr\/wp-json\/wp\/v2\/page_publications\/2780","targetHints":{"allow":["GET"]}}],"collection":[{"href":"https:\/\/julieberube.ca\/fr\/wp-json\/wp\/v2\/page_publications"}],"about":[{"href":"https:\/\/julieberube.ca\/fr\/wp-json\/wp\/v2\/types\/page_publications"}],"wp:attachment":[{"href":"https:\/\/julieberube.ca\/fr\/wp-json\/wp\/v2\/media?parent=2780"}],"wp:term":[{"taxonomy":"categories_de_publications","embeddable":true,"href":"https:\/\/julieberube.ca\/fr\/wp-json\/wp\/v2\/categories_de_publications?post=2780"}],"curies":[{"name":"wp","href":"https:\/\/api.w.org\/{rel}","templated":true}]}}

84e Congrès de l’Association francophone pour le savoir «Tension entre création et commerce dans les organisations créatives : quatre configurations pour gérer le travail créatif», présenté dans le cadre du colloque «Les nouveaux horizons du management : explorations à partir des industries créatives et culturelles»
