{"id":2648,"date":"2022-09-22T14:55:50","date_gmt":"2022-09-22T18:55:50","guid":{"rendered":"https:\/\/julieberube.ca\/?post_type=projets&#038;p=2648"},"modified":"2024-12-17T15:20:48","modified_gmt":"2024-12-17T20:20:48","slug":"conference-virtuelle-pancanadienne-intitulee-equite-diversite-et-inclusion-dans-les-milieux-culturels-role-des-organismes-culturels","status":"publish","type":"projets","link":"https:\/\/julieberube.ca\/fr\/projets-et-subventions-de-recherche\/conference-virtuelle-pancanadienne-intitulee-equite-diversite-et-inclusion-dans-les-milieux-culturels-role-des-organismes-culturels\/","title":{"rendered":"Conf\u00e9rence virtuelle pancanadienne intitul\u00e9e \u00c9quit\u00e9, diversit\u00e9 et inclusion dans les milieux culturels : r\u00f4le des organismes culturels"},"template":"","categories_de_projets":[47],"class_list":["post-2648","projets","type-projets","status-publish","hentry","categories_de_projets-equite-diversite-et-inclusion-dans-les-milieux-culturels"],"acf":[],"_links":{"self":[{"href":"https:\/\/julieberube.ca\/fr\/wp-json\/wp\/v2\/projets\/2648","targetHints":{"allow":["GET"]}}],"collection":[{"href":"https:\/\/julieberube.ca\/fr\/wp-json\/wp\/v2\/projets"}],"about":[{"href":"https:\/\/julieberube.ca\/fr\/wp-json\/wp\/v2\/types\/projets"}],"wp:attachment":[{"href":"https:\/\/julieberube.ca\/fr\/wp-json\/wp\/v2\/media?parent=2648"}],"wp:term":[{"taxonomy":"categories_de_projets","embeddable":true,"href":"https:\/\/julieberube.ca\/fr\/wp-json\/wp\/v2\/categories_de_projets?post=2648"}],"curies":[{"name":"wp","href":"https:\/\/api.w.org\/{rel}","templated":true}]}}

Conférence virtuelle pancanadienne intitulée Équité, diversité et inclusion dans les milieux culturels : rôle des organismes culturels
